at is the tens digit of 48?
4
What is the units digit of 2290?
0
What is the tens digit of 55734?
3
What is the tens digit of 1158?
5
What is the ten thousands digit of 12939?
1
What is the units digit of 26443?
3
What is the hundreds digit of 95012?
0
What is the units digit of 22416?
6
What is the hundreds digit of 11011?
0
What is the hundreds digit of 21924?
9
What is the units digit of 4714?
4
What is the thousands digit of 9496?
9
What is the units digit of 1012?
2
What is the thousands digit of 51454?
1
What is the hundreds digit of 1638?
6
What is the hundreds digit of 1489?
4
What is the hundreds digit of 1933?
9
What is the ten thousands digit of 149487?
4
What is the hundreds digit of 4480?
4
What is the tens digit of 493?
9
What is the units digit of 106185?
5
What is the hundreds digit of 79978?
9
What is the tens digit of 959?
5
What is the ten thousands digit of 81747?
8
What is the units digit of 31579?
9
What is the units digit of 699?
9
What is the units digit of 19536?
6
What is the units digit of 10785?
5
What is the hundreds digit of 284?
2
What is the thousands digit of 4817?
4
What is the hundreds digit of 8632?
6
What is the units digit of 10844?
4
What is the ten thousands digit of 30708?
3
What is the hundreds digit of 3799?
7
What is the tens digit of 2095?
9
What is the units digit of 947?
7
What is the units digit of 19188?
8
What is the tens digit of 85794?
9
What is the tens digit of 23?
2
What is the hundreds digit of 4212?
2
What is the ten thousands digit of 33165?
3
What is the thousands digit of 32935?
2
What is the ten thousands digit of 37575?
3
What is the thousands digit of 156666?
6
What is the tens digit of 1008?
0
What is the units digit of 3759?
9
What is the tens digit of 10028?
2
What is the units digit of 6651?
1
What is the hundreds digit of 2655?
6
What is the tens digit of 23865?
6
What is the thousands digit of 3961?
3
What is the tens digit of 5927?
2
What is the hundreds digit of 9437?
4
What is the tens digit of 1044?
4
What is the hundreds digit of 3692?
6
What is the hundreds digit of 409?
4
What is the units digit of 11947?
7
What is the hundred thousands digit of 110852?
1
What is the tens digit of 680?
8
What is the units digit of 3409?
9
What is the tens digit of 48356?
5
What is the hundreds digit of 960?
9
What is the units digit of 992?
2
What is the hundreds digit of 25463?
4
What is the hundreds digit of 2205?
2
What is the units digit of 629?
9
What is the ten thousands digit of 14432?
1
What is the ten thousands digit of 15919?
1
What is the tens digit of 131466?
6
What is the hundreds digit of 8744?
7
What is the tens digit of 9250?
5
What is the units digit of 814?
4
What is the tens digit of 6160?
6
What is the hundreds digit of 63165?
1
What is the ten thousands digit of 15328?
1
What is the tens digit of 944?
4
What is the hundred thousands digit of 156563?
1
What is the tens digit of 571?
7
What is the hundreds digit of 4326?
3
What is the thousands digit of 23583?
3
What is the ten thousands digit of 48660?
4
What is the tens digit of 11121?
2
What is the ten thousands digit of 87854?
8
What is the thousands digit of 20759?
0
What is the hundreds digit of 1655?
6
What is the hundreds digit of 4537?
5
What is the units digit of 6381?
1
What is the tens digit of 467?
6
What is the thousands digit of 4540?
4
What is the tens digit of 39377?
7
What is the ten thousands digit of 51899?
5
What is the units digit of 451?
1
What is the hundreds digit of 1230?
2
What is the tens digit of 27263?
6
What is the thousands digit of 13208?
3
What is the hundreds digit of 41939?
9
What is the hundreds digit of 27997?
9
What is the units digit of 37?
7
What is the thousands digit of 6183?
6
What is the tens digit of 1109?
0
What is the tens digit of 8712?
1
What is the units digit of 4095?
5
What is the tens digit of 12193?
9
What is the tens digit of 9525?
2
What is the tens digit of 18561?
6
What is the thousands digit of 7871?
7
What is the tens digit of 49933?
3
What is the tens digit of 17712?
1
What is the hundreds digit of 5104?
1
What is the hundreds digit of 428?
4
What is the thousands digit of 6279?
6
What is the ten thousands digit of 12478?
1
What is the thousands digit of 10068?
0
What is the hundreds digit of 404?
4
What is the units digit of 76101?
1
What is the units digit of 600?
0
What is the hundreds digit of 1385?
3
What is the tens digit of 340?
4
What is the tens digit of 4642?
4
What is the tens digit of 3637?
3
What is the ten thousands digit of 19412?
1
What is the units digit of 907?
7
What is the thousands digit of 2198?
2
What is the thousands digit of 5460?
5
What is the tens digit of 79654?
5
What is the thousands digit of 1034?
1
What is the units digit of 9454?
4
What is the ten thousands digit of 25306?
2
What is the tens digit of 3232?
3
What is the hundreds digit of 22590?
5
What is the ten thousands digit of 11370?
1
What is the units digit of 44678?
8
What is the hundreds digit of 1014?
0
What is the units digit of 16?
6
What is the tens digit of 284?
8
What is the tens digit of 1048?
4
What is the hundreds digit of 16113?
1
What is the tens digit of 114715?
1
What is the hundreds digit of 5802?
8
What is the units digit of 519?
9
What is the units digit of 2318?
8
What is the units digit of 3324?
4
What is the units digit of 62694?
4
What is the thousands digit of 4101?
4
What is the tens digit of 49650?
5
What is the units digit of 4692?
2
What is the thousands digit of 14466?
4
What is the tens digit of 12556?
5
What is the units digit of 1123?
3
What is the tens digit of 931?
3
What is the tens digit of 1592?
9
What is the ten thousands digit of 23384?
2
What is the thousands digit of 30648?
0
What is the tens digit of 24133?
3
What is the units digit of 3189?
9
What is the tens digit of 3605?
0
What is the units digit of 1843?
3
What is the tens digit of 2779?
7
What is the units digit of 5454?
4
What is the ten thousands digit of 21513?
2
What is the units digit of 21546?
6
What is the hundreds digit of 1459?
4
What is the thousands digit of 3659?
3
What is the tens digit of 240?
4
What is the units digit of 2277?
7
What is the tens digit of 50243?
4
What is the hundreds digit of 13499?
4
What is the thousands digit of 33015?
3
What is the thousands digit of 37541?
7
What is the thousands digit of 75320?
5
What is the tens digit of 1734?
3
What is the hundreds digit of 38312?
3
What is the ten thousands digit of 26996?
2
What is the hundreds digit of 134690?
6
What is the thousands digit of 9001?
9
What is the tens digit of 1279?
7
What is the hundreds digit of 517?
5
What is the units digit of 3038?
8
What is the thousands digit of 19059?
9
What is the units digit of 66083?
3
What is the tens digit of 185006?
0
What is the units digit of 9715?
5
What is the thousands digit of 2254?
2
What is the hundred thousands digit of 136671?
1
What is the units digit of 111?
1
What is the units digit of 692?
2
What is the ten thousands digit of 68563?
6
What is the hundreds digit of 59158?
1
What is the units digit of 924?
4
What is the tens digit of 3435?
3
What is the tens digit of 15907?
0
What is the hundreds digit of 9933?
9
What is the hundreds digit of 14545?
5
What is the units digit of 128?
8
What is the ten thousands digit of 37843?
3
What is the tens digit of 10446?
4
What is the units digit of 890?
0
What is the tens digit of 2914?
1
What is the ten thousands digit of 147380?
4
What is the hundreds digit of 1577?
5
What is the hundreds digit of 699?
6
What is the tens digit of 1230?
3
What is the units digit of 1491?
1
What is the hundreds digit of 59313?
3
What is the thousands digit of 4049?
4
What is the units digit of 1819?
9
What is the ten thousands digit of 14330?
1
What is the thousands digit of 2338?
2
What is the tens digit of 1802?
0
What is the tens digit of 4693?
9
What is the units digit of 2804?
4
What is the tens digit of 9745?
4
What is the hundreds digit of 35357?
3
What is the tens digit of 2699?
9
What is the thousands digit of 36597?
6
What is the tens digit of 4236?
3
What is the tens digit of 1959?
5
What is the thousands digit of 1823?
1
What is the thousands digit of 6633?
6
What is the units digit of 684?
4
What 